n + 5613. What are the prime factors of g(27)?
3, 31, 263
Let b(q) = 6*q**2 - 218*q - 64. Let w be b(43). Suppose -w - 3170 = -19*g. List the prime factors of g.
2, 127
Let r be ((-31)/(-93))/(2/18). Suppose 2 = q + r*o - 2, 5*o + 30 = 2*q. Suppose 7*l + 564 = q*l. What are the prime factors of l?
2, 47
Let a(d) be the first derivative of 13*d - 1/3*d**3 + 24 + 13/2*d**2. List the prime factors of a(6).
5, 11
Suppose -40*v - 43*v + 282912 = v. What are the prime factors of v?
2, 421
Suppose -5*q + 9*q + 7*q = 3*q. Let p(i) = 33*i + 1. Let f be p(4). Suppose q = -d + 138 + f. List the prime factors of d.
271
Suppose -12*k + 32491 + 15940 = 299. What are the prime factors of k?
3, 7, 191
Suppose 5*h - 2*r - 25618 - 13982 = 0, -4*h - 3*r + 31680 = 0. Suppose -14*i = 2*i - h. List the prime factors of i.
3, 5, 11
Suppose 0*z - 3*z - 3*z = -104652. What are the prime factors of z?
2, 3, 17, 19
Suppose -4*u - 5209 = 4*b - 169557, b - 2*u = 41066. What are the prime factors of b?
2, 5, 13, 79
Let d be 16/56 + (-51)/7. Let k(y) = y**2 + 14*y + 49. Let w be k(d). Suppose 3*f - 47 = -2*i + 7*i, -5*i - 20 = w. What are the prime factors of f?
3
Let i(x) = -7*x - 7. Let k be i(-5). Let s = 471 + -469. What are the prime factors of (5 - (7 + s)) + k?
2, 3
Let n be ((-9)/2)/((-3)/(-198)). Let l be -326*((-3)/(-24))/((-6)/(-24)). Let v = l - n. List the prime factors of v.
2, 67
Let k = 21844 + -12145. What are the prime factors of k?
3, 53, 61
Let i(g) = -2*g**3 - 2*g**2 - 6*g - 35. Suppose 4*h - 5*o + 30 = -h, 3*h - 4*o + 18 = 0. List the prime factors of i(h).
19
Suppose 2*n + 2917 - 110724 = -5*d, 5*d - 107800 = 5*n. List the prime factors of d.
3, 7187
Let x(o) = -o**2 + 401*o - 769. List the prime factors of x(158).
5, 7, 43
Let j(z) = z**3 - 14*z**2 - 2*z + 5. Suppose 2*y = 4*x - 68, 3*y - 23 = -x + 5*y. Let w be j(x). Let q = w - 117. List the prime factors of q.
83
Let b(w) = -11*w**3 - 8*w**2 + 14*w + 13. Let m be b(-4). Suppose -5*y = -932 - m. List the prime factors of y.
293
Suppose 3972 = 3*g + 2*p - 2455, -p - 4 = 0. What are the prime factors of g?
3, 5, 11, 13
Suppose 4*k - 154 = -3*i + 144, 2*k + 5*i - 156 = 0. Suppose 3*p - k = -34. List the prime factors of p.
13
What are the prime factors of 55065 - (2/(-4) - 0)/((-4)/64)?
55057
Let y be -3 - (-36)/8 - 1/2. List the prime factors of 5*y*-532*(-8)/80.
2, 7, 19
Let d be ((-18)/4)/((-46296)/(-7712) - 6). List the prime factors of -9*(d/(-18))/(-1).
3, 241
Suppose -4*c - 48 + 8 = 0. Let n be -142*5/c - -4. Suppose -i + 0*i + n = m, -5*i = 2*m - 162. What are the prime factors of m?
71
Let v = -409 + 367. Let j(s) = -5*s + 207. What are the prime factors of j(v)?
3, 139
Let j = 37 + 600. Suppose 0 = -4*g + 4*u + 4, -25 = -5*g - 4*u + 5*u. Suppose 5 = g*l - j. List the prime factors of l.
107
Suppose -28*s - 93040 = -36*s - 4*t, 2*t = s - 11620. List the prime factors of s.
2, 3, 17, 19
Let u = -130 + 374. Let k = 469 - u. Let z = k + -121. What are the prime factors of z?
2, 13
Suppose 5*v - 2*k = 72211 + 167002, 4*v + 4*k = 191404. What are the prime factors of v?
5, 7, 1367
Suppose 8*y - 5*n = 3*y + 31460, y - 6300 = 5*n. List the prime factors of y.
2, 5, 17, 37
Suppose 2*v + 5*z - 784 = 519, 1307 = 2*v + z. What are the prime factors of v?
2, 3, 109
Let r = -333 + 360. Suppose r*t = 5*t + 17864. What are the prime factors of t?
2, 7, 29
Suppose 3*p - 11 = -2*l, 2*l - 3 = 5. Let f(x) = 18*x**2 + 0*x - 7 - 2*x + p + 0. What are the prime factors of f(3)?
2, 3, 5
Let u be (10/(2 + 0))/(25/10). Suppose 2*z - 884 + 285 = -d, 0 = z - u*d - 292. List the prime factors of z.
2, 149
Let v(n) = -n**3 + 13*n**2 - 13*n + 20. Let a be v(12). Suppose 2*p - 4 = -3*i + a, -2*i + p = -8. Suppose -13*m + 4318 = i*m. List the prime factors of m.
2, 127
Let a(d) = -580*d + 4527. What are the prime factors of a(-112)?
11, 6317
Suppose -5*p = -5*c + 73948 + 2907, 0 = -c - p + 15373. Suppose -15*a = -6*a - c. List the prime factors of a.
2, 7, 61
Suppose y + 4*g - 242 = 0, -5*g - 131 = -3*y + 663. Suppose -y = -0*u - 6*u. Let a = -16 + u. What are the prime factors of a?
3
Let q(b) = 391*b**2 + 62*b + 259. List the prime factors of q(12).
17, 3371
Suppose 114 = v - 22. Suppose -d = -5*d + a - 293, 4*a = 2*d + v. Let g = d - -139. What are the prime factors of g?
5, 13
Let g be (-7)/(22/(-6) - (-44)/11). Let z be ((-35)/g - 1)*(185 + 1). Suppose -103*d + z = -99*d. List the prime factors of d.
31
Let o = -927 - -1634. Suppose 5*r - 68 - o = 0. List the prime factors of r.
5, 31
Let a(q) = 7*q**2 - 3*q + 17. Let j be a(3). Suppose -3*s + 163 = 2*n, -s - 10 = -n - j. What are the prime factors of s?
3, 19
Let d(o) = -5*o**2 - 9*o - 4. Let x = -49 + 42. Let p be d(x). Let h = -82 - p. List the prime factors of h.
2, 13
Let m = 113 - -30. Let h be -2*(2/(-13) + 1/(-78)*1977). Let p = m - h. What are the prime factors of p?
2, 23
Suppose 2*g - 5*b - 9199 = 0, 0 = -5*g + 23*b - 24*b + 23065. What are the prime factors of g?
2, 1153
Suppose 0 = t - 96 + 92. Suppose -4*s + 1156 = t*o - 204, 4*s = -5*o + 1701. What are the prime factors of o?
11, 31
List the prime factors of (-16 - (-14 - 0))/(2/26020*-2).
2, 5, 1301
Let j(z) = z**3 + z**2 - 7*z + 2. Let t be j(2). Suppose t = p + 243 - 823. List the prime factors of p.
2, 5, 29
Let c(h) = 83*h**2 - 132*h + 2099. What are the prime factors of c(15)?
2, 9397
What are the prime factors of (-182)/819 + (-248602)/(-18)?
7, 1973
Let o(w) be the first derivative of -w**3/3 + 5*w**2/2 - 2*w + 4. Let i be o(2). Suppose 2*y - i*h = 142, -1 = 4*h + 11. What are the prime factors of y?
5, 13
Suppose 2*a - 248 = 2*u, 481 = 16*a - 12*a + u. What are the prime factors of a?
11
Let f = -30192 + 50334. List the prime factors of f.
2, 3, 373
Let p(u) be the second derivative of 7*u**4/24 - 22*u**3/3 - 25*u**2/2 + 34*u. Let k(w) be the first derivative of p(w). What are the prime factors of k(14)?
2, 3
Suppose 0 = -24222*z + 24250*z - 255696. What are the prime factors of z?
2, 3, 761
Suppose -31 + 1 = 2*g. Let d = 1883 + -1767. Let w = d + g. What are the prime factors of w?
101
Let f(g) = 32*g**2 + 3*g + 142. List the prime factors of f(12).
2, 2393
Suppose 4*k + 20 = 4*z, 3*k + 19 = -155*z + 159*z. What are the prime factors of 1396 - (-5 - z*6/24)?
2, 701
Suppose -4*d - 30313 = -5*t, t + 13*d - 11*d - 6071 = 0. What are the prime factors of t?
5, 1213
Suppose 18*q - 22*q = -w + 18389, -4*w = 5*q - 73703. What are the prime factors of w?
3, 7, 877
Let o be (-5)/(165/(-138)) + (-2)/11. What are the prime factors of o/(-7) + 1914/42?
3, 5
Suppose 3*i + 11 = -5*k, 6*k - k + 23 = i. Suppose -2*h = -q + 6 + 33, -3*h = -i*q + 105. Let l = q - -39. What are the prime factors of l?
2, 5, 7
Let b = 933 - 637. Let p(j) = j**3 - 18*j - 9*j**2 - b + 3*j + 292. List the prime factors of p(11).
73
List the prime factors of (1/8*6)/((-57)/(-1810320)).
2, 3, 5, 397
Let d(l) = 86*l**2 - 21*l + 17. Let h be d(7). Suppose h - 452 = 16*b. List the prime factors of b.
227
Let g(v) = 3*v**2 + 51*v - 340. What are the prime factors of g(20)?
2, 5, 47
Let w(q) = -6*q - 9. Let t be w(-2). Suppose 5*l - 2*i + 261 = 2390, t*i - 1290 = -3*l. List the prime factors of l.
7, 61
Let h = 28851 - 864. List the prime factors of h.
3, 19, 491
Suppose 5*w = 5*l + 3367 - 9272, -5*l - 5*w = -5925. Let f = l + -666. List the prime factors of f.
11, 47
Suppose 3*d - 3*w - 35988 = 0, -d + 3*w = -5102 - 6904. What are the prime factors of d?
3, 7, 571
What are the prime factors of 850 + 100/4 + (-10)/2?
2, 3, 5, 29
Let i(w) = -w**3 - 7*w**2 + 3*w + 24. Let y = 9 + -9. Suppose y = -5*p + 3*f - 37, -5 = 2*p + f + 12. What are the prime factors of i(p)?
2
Let y = 69 + -66. Suppose 2*h - 2*p = -h + 1184, y*h = -5*p + 1198. List the prime factors of h.
2, 3, 11
Let l = -202 - -283. Suppose 0 = 3*x - l - 189. What are the prime factors of x?
2, 3, 5
Suppose -6*s + 11876 + 3918 + 22624 = 0. What are the prime factors of s?
19, 337
Suppose 92048 = 63*f - 28534. Suppose 125*h - 123*h = f. List the prime factors of h.
3, 11, 29
Let u = -501 - -504. Suppose 4*v = 5*v + u*a - 688, -12 = -4*a. List the prime factors of v.
7, 97
Let c(n) = n**2 + 6*n - 147. Let m be c(-13). List the prime factors of (1528/m + 11)/((-2)/168).
2, 3, 19
S